{"id":89760,"date":"2025-11-15T09:37:51","date_gmt":"2025-11-15T09:37:51","guid":{"rendered":"https:\/\/delsolestates.com\/property\/middle-floor-apartment-in-mijas-centro-2\/"},"modified":"2026-05-02T18:26:35","modified_gmt":"2026-05-02T17:26:35","slug":"p2751","status":"publish","type":"property","link":"https:\/\/delsolestates.com\/de\/eigenschaft\/p2751\/","title":{"rendered":"Wohnung im mittleren Stockwerk in Mijas Centro"},"content":{"rendered":"<p>For sale: First-floor apartment with 3 bedrooms, 2 bathrooms, fully equipped independent kitchen, laundry room, and storage room. This apartment stands out for its sea views from the living-dining room, which leads to a spacious terrace where you can enjoy the Mediterranean climate.<\/p>\n<p>Property features:<\/p>\n<p>3 bedrooms with fitted wardrobes<\/p>\n<p>2 full bathrooms (one en suite)<\/p>\n<p>Vollst\u00e4ndig ausgestattete unabh\u00e4ngige K\u00fcche<\/p>\n<p>Laundry room and storage room<\/p>\n<p>Living-dining room with terrace and sea views<\/p>\n<p>Year of construction: 2018<\/p>\n<p>2 private parking spaces<\/p>\n<p>This apartment is located in a modern and very well-located complex, just 200 meters from the beach. It also offers excellent connections to La Cala de Mijas, Fuengirola, and Malaga International Airport, making its location unbeatable.<\/p>\n<p>The complex offers a wide range of services, including two swimming pools, a gym, a chill-out area, 24\/7 security with a concierge, and direct access to the beach via a bridge. The privacy and tranquility of the area, along with proximity to restaurants, supermarkets, pharmacies, and bus stops, provide great convenience for daily life.<\/p>\n<p>This apartment is perfect as a permanent residence, investment, or second home on the Costa del Sol. Don&#8217;t miss the opportunity to visit.<\/p>","protected":false},"excerpt":{"rendered":"<p>For sale: First-floor apartment with 3 bedrooms, 2 bathrooms, fully equipped independent kitchen, laundry room, and storage room. This apartment stands out for its sea views from the living-dining room, which leads to a spacious terrace where you can enjoy the Mediterranean climate. Property features: 3 bedrooms with fitted wardrobes 2 full bathrooms (one en [&hellip;]<\/p>\n","protected":false},"author":1,"featured_media":536236,"parent":0,"menu_order":0,"template":"","property_type":[1023],"property_status":[82],"property_feature":[1812,1803,1806,1808,1810,1811,1152,33],"property_label":[1017],"property_country":[91],"property_state":[1801],"property_city":[1029],"class_list":["post-89760","property","type-property","status-publish","has-post-thumbnail","hentry","property_type-middle-floor-apartment","property_status-for-sale","property_feature-central-heating","property_feature-store-room","property_feature-sea","property_feature-communal-pool","property_feature-pool","property_feature-fully-furnished","property_feature-air-conditioning","property_feature-gym","property_label-resale","property_country-spain","property_state-andalusia","property_city-mijas"],"property_meta":{"_edit_last":["2"],"_edit_lock":["1777742664:2"],"_houzez_expiration_date_status":["saved"],"fave_currency_info":["&nbsp;"],"slide_template":["default"],"fave_property_map":["1"],"is_from_crm":["1"],"fave_property_size":["139"],"fave_property_bedrooms":["3"],"fave_property_bathrooms":["2"],"fave_property_id":["P2751"],"fave_property_price":["689000"],"fave_property_location":["36.5967755,-4.6323067,14"],"fave_property_map_address":["Mijas,Mijas,M\u00e1laga,Andalusia,Spain"],"houzez_geolocation_lat":["36.5967755"],"houzez_geolocation_long":["-4.6323067"],"houzez_total_property_views":["99"],"houzez_views_by_date":["a:61:{s:10:\"11-24-2025\";i:1;s:10:\"11-30-2025\";i:1;s:10:\"12-01-2025\";i:1;s:10:\"12-04-2025\";i:1;s:10:\"12-05-2025\";i:3;s:10:\"12-07-2025\";i:1;s:10:\"12-09-2025\";i:1;s:10:\"12-10-2025\";i:1;s:10:\"12-16-2025\";i:1;s:10:\"12-17-2025\";i:1;s:10:\"12-20-2025\";i:1;s:10:\"12-22-2025\";i:1;s:10:\"12-24-2025\";i:1;s:10:\"12-27-2025\";i:1;s:10:\"12-29-2025\";i:1;s:10:\"12-31-2025\";i:1;s:10:\"01-02-2026\";i:1;s:10:\"01-05-2026\";i:2;s:10:\"01-07-2026\";i:1;s:10:\"01-11-2026\";i:1;s:10:\"01-17-2026\";i:1;s:10:\"01-19-2026\";i:5;s:10:\"01-20-2026\";i:1;s:10:\"01-22-2026\";i:1;s:10:\"01-23-2026\";i:2;s:10:\"02-04-2026\";i:1;s:10:\"02-05-2026\";i:3;s:10:\"02-06-2026\";i:1;s:10:\"02-07-2026\";i:1;s:10:\"02-09-2026\";i:1;s:10:\"02-12-2026\";i:3;s:10:\"02-13-2026\";i:1;s:10:\"02-14-2026\";i:1;s:10:\"02-15-2026\";i:1;s:10:\"02-20-2026\";i:3;s:10:\"02-21-2026\";i:1;s:10:\"02-24-2026\";i:2;s:10:\"02-25-2026\";i:2;s:10:\"02-26-2026\";i:1;s:10:\"03-01-2026\";i:2;s:10:\"03-04-2026\";i:5;s:10:\"03-05-2026\";i:3;s:10:\"03-06-2026\";i:1;s:10:\"03-09-2026\";i:2;s:10:\"03-12-2026\";i:1;s:10:\"03-13-2026\";i:1;s:10:\"03-22-2026\";i:1;s:10:\"03-24-2026\";i:1;s:10:\"03-25-2026\";i:2;s:10:\"03-26-2026\";i:2;s:10:\"03-30-2026\";i:1;s:10:\"04-06-2026\";i:3;s:10:\"04-10-2026\";i:1;s:10:\"04-14-2026\";i:1;s:10:\"04-17-2026\";i:3;s:10:\"04-18-2026\";i:2;s:10:\"04-26-2026\";i:1;s:10:\"04-27-2026\";i:1;s:10:\"04-28-2026\";i:3;s:10:\"04-29-2026\";i:2;s:10:\"05-03-2026\";i:1;}"],"houzez_recently_viewed":["2026-05-03 13:54:01"],"fave_property_images":["191057","536236","536238","536240","536241","536243","536031","536032","536033","536034","536035","536036","536037","536038","536039","536040","536041","536042","536043","536044","536045","536046","536047","536048","536049","536050","536051","536052","536053","536054","536055","536056","536057","536058","536059","536060","536061","536062","536063","536064","536065","536066","536067","536068","536069","536070","536071","536072","536073","536074","536075"],"fave_municipalities":["Mijas"],"fave_which-costa":["Costa del Sol"],"fave_property_size_prefix":["Mijas"],"fave_property_land_postfix":["Mijas"],"_ss_old_permalink":["property\/middle-floor-apartment-in-mijas-centro","property\/middle-floor-apartment-in-mijas-centro-2"],"_thumbnail_id":["536236"],"_elementor_page_assets":["a:0:{}"]},"_links":{"self":[{"href":"https:\/\/delsolestates.com\/de\/wp-json\/wp\/v2\/properties\/89760","targetHints":{"allow":["GET"]}}],"collection":[{"href":"https:\/\/delsolestates.com\/de\/wp-json\/wp\/v2\/properties"}],"about":[{"href":"https:\/\/delsolestates.com\/de\/wp-json\/wp\/v2\/types\/property"}],"author":[{"embeddable":true,"href":"https:\/\/delsolestates.com\/de\/wp-json\/wp\/v2\/users\/1"}],"version-history":[{"count":1,"href":"https:\/\/delsolestates.com\/de\/wp-json\/wp\/v2\/properties\/89760\/revisions"}],"predecessor-version":[{"id":394231,"href":"https:\/\/delsolestates.com\/de\/wp-json\/wp\/v2\/properties\/89760\/revisions\/394231"}],"wp:featuredmedia":[{"embeddable":true,"href":"https:\/\/delsolestates.com\/de\/wp-json\/wp\/v2\/media\/536236"}],"wp:attachment":[{"href":"https:\/\/delsolestates.com\/de\/wp-json\/wp\/v2\/media?parent=89760"}],"wp:term":[{"taxonomy":"property_type","embeddable":true,"href":"https:\/\/delsolestates.com\/de\/wp-json\/wp\/v2\/property_type?post=89760"},{"taxonomy":"property_status","embeddable":true,"href":"https:\/\/delsolestates.com\/de\/wp-json\/wp\/v2\/property_status?post=89760"},{"taxonomy":"property_feature","embeddable":true,"href":"https:\/\/delsolestates.com\/de\/wp-json\/wp\/v2\/property_feature?post=89760"},{"taxonomy":"property_label","embeddable":true,"href":"https:\/\/delsolestates.com\/de\/wp-json\/wp\/v2\/property_label?post=89760"},{"taxonomy":"property_country","embeddable":true,"href":"https:\/\/delsolestates.com\/de\/wp-json\/wp\/v2\/property_country?post=89760"},{"taxonomy":"property_state","embeddable":true,"href":"https:\/\/delsolestates.com\/de\/wp-json\/wp\/v2\/property_state?post=89760"},{"taxonomy":"property_city","embeddable":true,"href":"https:\/\/delsolestates.com\/de\/wp-json\/wp\/v2\/property_city?post=89760"}],"curies":[{"name":"wp","href":"https:\/\/api.w.org\/{rel}","templated":true}]}}

<p>For sale: First-floor apartment with 3 bedrooms, 2 bathrooms, fully equipped independent kitchen, laundry room, and storage room. This apartment stands out for its sea views from the living-dining room, which leads to a spacious terrace where you can enjoy the Mediterranean climate.</p>
<p>Property features:</p>
<p>3 bedrooms with fitted wardrobes</p>
<p>2 full bathrooms (one en suite)</p>
<p>Vollständig ausgestattete unabhängige Küche</p>
<p>Laundry room and storage room</p>
<p>Living-dining room with terrace and sea views</p>
<p>Year of construction: 2018</p>
<p>2 private parking spaces</p>
<p>This apartment is located in a modern and very well-located complex, just 200 meters from the beach. It also offers excellent connections to La Cala de Mijas, Fuengirola, and Malaga International Airport, making its location unbeatable.</p>
<p>The complex offers a wide range of services, including two swimming pools, a gym, a chill-out area, 24/7 security with a concierge, and direct access to the beach via a bridge. The privacy and tranquility of the area, along with proximity to restaurants, supermarkets, pharmacies, and bus stops, provide great convenience for daily life.</p>
<p>This apartment is perfect as a permanent residence, investment, or second home on the Costa del Sol. Don&#8217;t miss the opportunity to visit.</p>

Mijas,Mijas,Málaga,Andalusia,Spain
