{"id":464368,"date":"2026-03-22T01:46:55","date_gmt":"2026-03-22T01:46:55","guid":{"rendered":"https:\/\/delsolestates.com\/property\/apartment-in-caleta-de-velez-3\/"},"modified":"2026-04-27T15:31:16","modified_gmt":"2026-04-27T14:31:16","slug":"p6492","status":"publish","type":"property","link":"https:\/\/delsolestates.com\/fr\/propriete\/p6492\/","title":{"rendered":"apartment in Caleta de Velez"},"content":{"rendered":"<p>Discover a unique residential enclave that combines comfort and functionality in a modern and attractive setting, situated on the beautiful Eastern Costa del Sol &#8211; Axarqu\u00eda.<\/p>\n<p>Located in a prime area of the municipality, a new residential complex is being developed that encompasses all the characteristics of a modern development, creating an ideal environment for year-round living. The project consists of 154 two and three-bedroom homes, distributed across two phases. The first phase includes 54 homes, each with a parking space and storage room.<\/p>\n<p>The residential complex offers expansive spaces designed to enhance residents&#8217; quality of life and provide daily comfort. Its facilities include:<br \/>\nSwimming pool surrounded by landscaped areasFully equipped gymSocial-gourmet room, perfect for gatherings, celebrations and leisure moments<br \/>\nThese areas are designed to create a relaxed and functional atmosphere, ideal for sharing experiences with family and friends.<\/p>\n<p>Each home has been meticulously designed, integrating spacious and well-distributed areas that make the most of natural light. The combination of modern design, quality finishes, and bright spaces make this project an ideal choice for those seeking a comfortable, contemporary home with excellent connections.<\/p>","protected":false},"excerpt":{"rendered":"<p>Discover a unique residential enclave that combines comfort and functionality in a modern and attractive setting, situated on the beautiful Eastern Costa del Sol &#8211; Axarqu\u00eda. Located in a prime area of the municipality, a new residential complex is being developed that encompasses all the characteristics of a modern development, creating an ideal environment for [&hellip;]<\/p>\n","protected":false},"author":1,"featured_media":464736,"parent":0,"menu_order":0,"template":"","property_type":[73],"property_status":[82],"property_feature":[2098,2101,2104,2105,2108,2089,2096,1856,1153],"property_label":[765],"property_country":[91],"property_state":[1801],"property_city":[2073],"class_list":["post-464368","property","type-property","status-publish","has-post-thumbnail","hentry","property_type-apartment","property_status-for-sale","property_feature-garden-zones","property_feature-storage-room","property_feature-elevator","property_feature-storage-unit","property_feature-golf-course","property_feature-gymnasium","property_feature-green-areas","property_feature-swimming-pool","property_feature-garden","property_label-new-development","property_country-spain","property_state-andalusia","property_city-caleta-de-velez"],"property_meta":{"_edit_last":["2"],"_edit_lock":["1777299937:2"],"_houzez_expiration_date_status":["saved"],"fave_currency_info":["&nbsp;"],"slide_template":["default"],"fave_property_map":["1"],"is_from_crm":["1"],"fave_property_size":["83"],"fave_property_bedrooms":["2"],"fave_property_bathrooms":["2"],"fave_property_id":["P6492"],"fave_property_price":["259400"],"fave_property_location":["36.759558,-4.063906,14"],"houzez_geolocation_lat":["36.759558"],"houzez_geolocation_long":["-4.063906"],"houzez_total_property_views":["31"],"houzez_views_by_date":["a:17:{s:10:\"03-23-2026\";i:5;s:10:\"03-26-2026\";i:3;s:10:\"03-30-2026\";i:1;s:10:\"03-31-2026\";i:1;s:10:\"04-01-2026\";i:4;s:10:\"04-02-2026\";i:1;s:10:\"04-04-2026\";i:2;s:10:\"04-12-2026\";i:1;s:10:\"04-13-2026\";i:2;s:10:\"04-16-2026\";i:3;s:10:\"04-17-2026\";i:1;s:10:\"04-19-2026\";i:1;s:10:\"04-20-2026\";i:1;s:10:\"04-24-2026\";i:2;s:10:\"04-28-2026\";i:1;s:10:\"04-29-2026\";i:1;s:10:\"04-30-2026\";i:1;}"],"houzez_recently_viewed":["2026-04-30 01:47:30"],"fave_municipalities":["V\u00e9lez-M\u00e1laga"],"fave_which-costa":["Costa del Sol"],"fave_property_size_prefix":["V\u00e9lez-M\u00e1laga"],"fave_property_map_address":["Caleta de Velez,V\u00e9lez-M\u00e1laga,M\u00e1laga,Andalusia,Spain"],"fave_property_land_postfix":["V\u00e9lez-M\u00e1laga"],"_thumbnail_id":["464736"],"fave_property_images":["464736","464738","464740","464742","464744","464480","464482","464484","464486"],"_elementor_page_assets":["a:0:{}"]},"_links":{"self":[{"href":"https:\/\/delsolestates.com\/fr\/wp-json\/wp\/v2\/properties\/464368","targetHints":{"allow":["GET"]}}],"collection":[{"href":"https:\/\/delsolestates.com\/fr\/wp-json\/wp\/v2\/properties"}],"about":[{"href":"https:\/\/delsolestates.com\/fr\/wp-json\/wp\/v2\/types\/property"}],"author":[{"embeddable":true,"href":"https:\/\/delsolestates.com\/fr\/wp-json\/wp\/v2\/users\/1"}],"version-history":[{"count":1,"href":"https:\/\/delsolestates.com\/fr\/wp-json\/wp\/v2\/properties\/464368\/revisions"}],"predecessor-version":[{"id":464567,"href":"https:\/\/delsolestates.com\/fr\/wp-json\/wp\/v2\/properties\/464368\/revisions\/464567"}],"wp:featuredmedia":[{"embeddable":true,"href":"https:\/\/delsolestates.com\/fr\/wp-json\/wp\/v2\/media\/464736"}],"wp:attachment":[{"href":"https:\/\/delsolestates.com\/fr\/wp-json\/wp\/v2\/media?parent=464368"}],"wp:term":[{"taxonomy":"property_type","embeddable":true,"href":"https:\/\/delsolestates.com\/fr\/wp-json\/wp\/v2\/property_type?post=464368"},{"taxonomy":"property_status","embeddable":true,"href":"https:\/\/delsolestates.com\/fr\/wp-json\/wp\/v2\/property_status?post=464368"},{"taxonomy":"property_feature","embeddable":true,"href":"https:\/\/delsolestates.com\/fr\/wp-json\/wp\/v2\/property_feature?post=464368"},{"taxonomy":"property_label","embeddable":true,"href":"https:\/\/delsolestates.com\/fr\/wp-json\/wp\/v2\/property_label?post=464368"},{"taxonomy":"property_country","embeddable":true,"href":"https:\/\/delsolestates.com\/fr\/wp-json\/wp\/v2\/property_country?post=464368"},{"taxonomy":"property_state","embeddable":true,"href":"https:\/\/delsolestates.com\/fr\/wp-json\/wp\/v2\/property_state?post=464368"},{"taxonomy":"property_city","embeddable":true,"href":"https:\/\/delsolestates.com\/fr\/wp-json\/wp\/v2\/property_city?post=464368"}],"curies":[{"name":"wp","href":"https:\/\/api.w.org\/{rel}","templated":true}]}}

<p>Discover a unique residential enclave that combines comfort and functionality in a modern and attractive setting, situated on the beautiful Eastern Costa del Sol &#8211; Axarquía.</p>
<p>Located in a prime area of the municipality, a new residential complex is being developed that encompasses all the characteristics of a modern development, creating an ideal environment for year-round living. The project consists of 154 two and three-bedroom homes, distributed across two phases. The first phase includes 54 homes, each with a parking space and storage room.</p>
<p>The residential complex offers expansive spaces designed to enhance residents&#8217; quality of life and provide daily comfort. Its facilities include:<br />
Swimming pool surrounded by landscaped areasFully equipped gymSocial-gourmet room, perfect for gatherings, celebrations and leisure moments<br />
These areas are designed to create a relaxed and functional atmosphere, ideal for sharing experiences with family and friends.</p>
<p>Each home has been meticulously designed, integrating spacious and well-distributed areas that make the most of natural light. The combination of modern design, quality finishes, and bright spaces make this project an ideal choice for those seeking a comfortable, contemporary home with excellent connections.</p>

<p>Discover a unique residential enclave that combines comfort and functionality in a modern and attractive setting, situated on the beautiful Eastern Costa del Sol &#8211; Axarquía. Located in a prime area of the municipality, a new residential complex is being developed that encompasses all the characteristics of a modern development, creating an ideal environment for [&hellip;]</p>

Vélez-Málaga

Caleta de Velez,Vélez-Málaga,Málaga,Andalusia,Spain
